+ 2 - 19*c. What is j(-2)?
-4
Suppose -7*u + 99 = 211 - 91. Let l(r) be the first derivative of -4*r**2 + r - 1. What is l(u)?
25
Let q(g) = 2*g + 2. Let f be q(-3). Let j(m) = -m**2 + 2. Let c(o) = 3*o**2 - 2*o**2 - 169 - 163 + 329. Let h(z) = f*j(z) - 3*c(z). Calculate h(-2).
5
Let z(a) = a**3 - 6*a**2 + a - 4. Suppose 0 = 3*t - 4*t + 4*n - 10, -4*t = -3*n - 25. Suppose -q = 13 - 29. Let f = q - t. What is z(f)?
2
Suppose -4*h + i + 21 = 0, -h - 2*h + 3*i + 18 = 0. Let j(p) be the second derivative of -2*p**3/3 + 2*p**2 - 20*p - 2. Calculate j(h).
-16
Let l = -10 + 4. Let f(c) be the first derivative of -c**3/3 - 4*c**2 - 8*c - 776. Give f(l).
4
Let n(d) = 4*d - 1. Let a(p) = -p - 13. Let x be a(-26). Give n(x).
51
Let v(m) = m**3 + 3*m**2 - m + 2. Suppose -3*y + 0*y - 2*f = -42, -3*y - f = -39. Let t = -20 + y. Let h(i) = -i**2 - 9*i - 11. Let x be h(t). What is v(x)?
5
Let n(d) = -320*d**2 + 2 + 6*d - d + 319*d**2. Determine n(5).
2
Let q(z) = z**2 - 5*z - 1. Let s be q(4). Let v(t) be the first derivative of -t**2/2 - 3*t - 188. Give v(s).
2
Let y be 6 + 15/(-10)*4/3. Let x(q) = q**3 + 5*q - 3 - y*q**2 + q**2 + 2*q**2 - 3*q**2. Determine x(4).
17
Let s = 204 - 172. Let q be (9/6)/(12/s). Let h(g) = -2*g + 4. Calculate h(q).
-4
Let x(b) = -114*b + 108. Let c(u) = -70*u + 65. Let m(q) = 13*c(q) - 8*x(q). Calculate m(9).
-1
Let y(c) be the first derivative of -c**3/3 + c**2 + 119. Suppose -2*p + 14 = t + 5, -3*t + 25 = 5*p. Determine y(t).
-15
Suppose 4*y = 77*f - 74*f + 38, 3*y - f - 21 = 0. Let t(j) = 11*j**2 - 8*j - 3. Let k(q) = 5*q**2 - 4*q - 1. Let h(w) = 9*k(w) - 4*t(w). Give h(y).
8
Let y(p) be the third derivative of -3*p**2 + 1/24*p**4 + 10 + 0*p + 0*p**3. Determine y(3).
3
Suppose -3*f = -4*h + 8*h - 6, 5*h + 15 = 0. Let w(y) = -y**2 + 3*y + 9*y - f - 3*y - 4*y. Determine w(4).
-2
Let s be 0 + 0 + 2*-2. Let c(t) = -t**3 + t**2 + 2*t + 1. Let b(k) = -5*k**3 + 9*k**2 + 9*k + 9. Let f(o) = -b(o) + 6*c(o). Determine f(s).
1
Suppose -108*j + 113*j + 70 = 0. Let g(o) = -3*o - 11. What is g(j)?
31
Let d(k) = k**3 + 7*k**2 + 9*k + 12. Let f be d(-6). Let h(u) = -u**2 - u - 5. Let m(i) = 4 - 1 - 2. Let t(q) = f*m(q) - h(q). What is t(-2)?
1
Suppose 225 = 21*o + 183. Let b(q) be the third derivative of 0*q + 0 + 1/24*q**4 - 3*q**o - 1/6*q**3 + 1/4*q**5. Give b(1).
15
Let n(f) = -5*f**3 + 4*f**2 - f + 9. Let l(d) = 2*d**3 + d**2 - d + 2. Let c(k) = 2*l(k) + n(k). Give c(6).
-5
Let k(u) = 93 - 123 + 4*u + 76 - 2*u. Calculate k(-21).
4
Let n(x) = -13*x - 1. Let b = -98 + 215. Let c = b + -118. Determine n(c).
12
Suppose 5*h = -5, -2*x = 6*h - 5*h + 131. Let u = x - -65. Let o(w) = -w**2 - w - 10. What is o(u)?
-10
Suppose 2*d - 8 = -2*d, d + 8 = 5*n. Let g(i) = -i**3 + 10 - 14*i**2 - 25 + 0 - 2*i + 4*i**n. Determine g(-10).
5
Let n(c) = -2*c**2 - 7 + 6 - 4*c**3 - 334*c + 335*c. Determine n(-2).
21
Let o(t) = -t**3 + 10*t**2 - 13*t + 1. Suppose -3*w = -0*m - 3*m - 33, 0 = -5*w + m + 47. Give o(w).
-35
Let y(c) = -3*c**3 - 4*c**2 - 4*c + 53. Let n(d) = d**3 + d**2 + d - 18. Let i(z) = -7*n(z) - 2*y(z). What is i(0)?
20
Let l(z) = 12*z - 9 - 13*z + 0*z. Give l(-9).
0
Suppose -4*j - 2 = -3*k, -4*k + 4*j = 2*j - 16. Let x = 12 + -1. Let w(h) = -6*h + 26. Let t(i) = 2*i - 9. Let r(n) = x*t(n) + 4*w(n). Calculate r(k).
-7
Let s(a) be the first derivative of -9*a**2/2 + 7*a - 294. Calculate s(4).
-29
Suppose 6*x + 24 = -6. Let s(n) = -6 - 9 + 4 - 3*n + 2*n. Give s(x).
-6
Let n(x) = 2*x**2 + 10*x + 5. Suppose 5*a - o = -20, 3*o + o = -4*a - 16. What is n(a)?
-3
Let l be 17/51*0*(-2)/(-4). Let c(r) = -r**2 + r + 6. Give c(l).
6
Let w(x) = -x - 19. Suppose 12 = -2*k + 5*n, -3*n + 6 = 48*k - 49*k. What is w(k)?
-13
Let u(k) be the third derivative of -k**7/2520 - k**6/240 + k**5/40 + k**4/12 - 8*k**2. Let v(m) be the second derivative of u(m). Give v(2).
-7
Let z be 15/(4 + -1 + -4). Let m be 30/z - (1 + -4). Let w(h) = 2*h - 6*h + 0 - 4*h**2 + m - 4. Calculate w(-2).
-11
Let z be -5 + 7/5 - 4/10. Let s(u) = 2*u**2 + 3*u - 5. Determine s(z).
15
Let p(w) be the third derivative of -w**6/120 + w**5/30 + 40*w**2 + 18. Let n = 3 + -2. Calculate p(n).
1
Let y(g) = g - 11. Suppose -4*b + 4 = -3*b. Suppose -2*p + 14 = b*f - f, -2*p + 8 = 2*f. Give y(f).
-5
Let n = 44 + -39. Let j(q) = 1 - 2*q + 1 + n*q**2 - 6*q**2. Give j(-4).
-6
Let r(q) = q**2 - 13*q - 9. Let d = -124 + 138. Calculate r(d).
5
Let o(r) = -r**3 - 14*r**2 + r - 4. Let h(t) = -10*t**2 - 3. Let z(c) = -3*h(c) + 2*o(c). Suppose -1 = 3*p - 2*p. Give z(p).
3
Let c(j) = j + 28 + 0*j - 30. What is c(15)?
13
Suppose 4*f - 1 = -4*v - 17, 0 = 3*v + 4*f + 9. Let x = 7 + v. Let h(y) be the second derivative of y**3/6 - 9*y**2/2 + 8*y. Determine h(x).
-9
Let y be 6 + -5 + 0 + 1. Let p(i) = 1. Suppose 0 = k - 1. Let h(c) = 3*c - 12. Let z(m) = k*h(m) + y*p(m). Calculate z(7).
11
Let w(r) = 3*r + 6 - 4 + 8909*r**2 - 8915*r**2 + r**3. Calculate w(5).
-8
Let d(b) = b**3 - 5*b**2 + 6*b - 2. Suppose 6*g + 5*k = 2*g, -k = -g. Suppose -2*y + 3*y - 12 = g. Suppose -5*z + 8 = -y. Calculate d(z).
6
Let z(r) be the second derivative of r**3/6 - 4*r**2 + r. Let s = -22 + 29. Determine z(s).
-1
Let x = 26 - 30. Let d(g) be the third derivative of 2*g**2 + 1/6*g**3 + 1/20*g**5 - 1/8*g**4 + 0*g + 1/120*g**6 + 0. Determine d(x).
-3
Let f(b) = -b**3 + 3*b**2 - 2*b + 2. Suppose 90 = -4*z - z. Let p be -2 + z/(-3) - -2. Let x be (12/10)/(p/15). Determine f(x).
-4
Let w(d) = 11*d**2 - 17*d - 7. Let z(i) = -8*i**2 + 11*i + 5. Let r(q) = 5*w(q) + 7*z(q). Calculate r(-7).
7
Let o(n) = -n**2 - 2*n + 7. Suppose 58 = -3*w - l + 43, 2*l - 5 = w. Calculate o(w).
-8
Let j(y) = -2*y**2 - 8*y + 5. Suppose -5*p = 2*q + 31, -24 = -5*p + 8*p + 3*q. Calculate j(p).
-5
Let a be (-14)/(4/(-22) - 48/99). Let g = a - 19. Let m(f) = f**2 + f + 1. Calculate m(g).
7
Suppose a + 332 = 320. Let y(l) = -l - 3. Calculate y(a).
9
Let r(y) be the third derivative of y**6/120 - y**5/10 + 5*y**4/24 - 2*y**3/3 - 848*y**2. Suppose -5*s + 15 = 40. Let a = 0 - s. Determine r(a).
-4
Let w(i) be the third derivative of -i**6/120 + i**5/12 - 7*i**4/24 + 7*i**3/3 - 9*i**2 + 11*i. What is w(4)?
2
Let a(l) = -l**3 - 8*l**2 - 14*l - 2. Let w be a(-6). Let z(j) = -w*j + 1 + 0*j + 9*j + j**2. Calculate z(0).
1
Let n(q) = 8*q**2 + q - 1. Suppose 2*l = 2*s - 6, -4*s - 6 = 5*l - 3*l. Let k(u) = -2*u**2 - 5*u + 4. Let j be k(l). What is n(j)?
8
Let d(r) = -4*r**3 + 10*r**2 + 8. Let k(j) = j**3 - j**2 - j - 2. Let t(z) = d(z) + 5*k(z). Calculate t(-6).
-8
Let a(m) = -3*m**2 - m - 2. Let n be a(-1). Let i(q) be the first derivative of q**2 - 4*q**2 + 4*q**2 - 4. Determine i(n).
-8
Let l(u) = u**3 - 5*u**2 + u + 3. Let t(x) = x**3 - 9*x**2 - 10*x + 100. Let p be t(9). Let m = 3 + -1. Let j be m + 4/p*5. Calculate l(j).
-9
Let t(q) = 399*q + 409*q + 1 - 1212*q + 0 + 402*q. Determine t(4).
-7
Let x(m) be the first derivative of -m**4/4 - 4*m**3/3 + 3*m**2 + 2*m + 20. Calculate x(-5).
-3
Suppose 38*j = 39*j - 13. Let p(h) = -h**3 + 14*h**2 - 13*h + 5. Calculate p(j).
5
Suppose 5*n = -w - 4, -3*n + 5*w = w - 16. Let p(i) = -2*i**3 + 2*i**2 - i - 3. Calculate p(n).
-3
Let o(b) = -6*b. Let k be o(-1). Let s(t) = -20*t**2 + t - 4*t + 6*t**2 + 15*t**2 + 9 - 6*t. What is s(k)?
-9
Let y = 359 + -360. Let s(j) be the third derivative of j**6/720 + j**5/120 + j**4/12 - j**2. Let r(c) be the second derivative of s(c). Give r(y).
0
Suppose 0 = 4*t + 2*u + 12, 2*t + 5*u + 0 = -14. Let m(h) be the first derivative of 2*h**3/3 + h**2 + 51. Determine m(t).
4
Let o(p) be the second derivative of -p**5/20 - p**4/3 + 3*p**2/2 - p. Let i(v) = -v**2 - 7*v + 40. Let z be i(-11). Determine o(z).
3
Let w(a) = -2*a**3 + 2*a**2 + a + 1. Let q be -1 - -4 - (-1 - -2). Suppose -5 = -6*z + 25. Suppose 0 = 5*m - 4*m + z*o - q, -4*m + 2*o + 8 = 0. Determine w(m).
-5
Suppose 0*z + 3*z = 6. Let f(c) = 2 + 20*c - 1 - 20*c - 2*c**z. Give f(1).
-1
Let g(a) = a**3 + 2*a**2 - 5*a - 4. Let h be g(-3). Let b(v) = 0 - 2065*v + 2069*v - 3. Give b(h).
5
Let z(k) = -k - 2. Let r(x) = 8*x. Let c be ((-8)/12)/(4/(-6)). Let u be r(c). Let d be -2 + 0 + (u - 1). Calculate z(d).
-7
Let d(m) = m. Let o(r) = 6*r. Let p(g) = -7*g + 1. Let c(f) = -6*o(f) - 5*p(f). Let h be c(-9). Suppose -h*a = 3*t - 22 + 7, 9 = 3*a. Give d(t).
